{"id":336,"date":"2025-06-30T21:43:57","date_gmt":"2025-06-30T19:43:57","guid":{"rendered":"https:\/\/soudesecolesdevarces.fr\/?page_id=336"},"modified":"2025-07-07T18:23:09","modified_gmt":"2025-07-07T16:23:09","slug":"tirage-au-sort-tombola-2025","status":"publish","type":"page","link":"https:\/\/soudesecolesdevarces.fr\/index.php\/tirage-au-sort-tombola-2025\/","title":{"rendered":"Tirage au sort &#8211; Tombola 2025"},"content":{"rendered":"\t\t<div data-elementor-type=\"wp-page\" data-elementor-id=\"336\" class=\"elementor elementor-336\">\n\t\t\t\t\t\t<section class=\"elementor-section elementor-top-section elementor-element elementor-element-0c35cb6 elementor-section-boxed elementor-section-height-default elementor-section-height-default\" data-id=\"0c35cb6\" data-element_type=\"section\">\n\t\t\t\t\t\t<div class=\"elementor-container elementor-column-gap-default\">\n\t\t\t\t\t<div class=\"elementor-column elementor-col-100 elementor-top-column elementor-element elementor-element-dce7381\" data-id=\"dce7381\" data-element_type=\"column\">\n\t\t\t<div class=\"elementor-widget-wrap elementor-element-populated\">\n\t\t\t\t\t\t<div class=\"elementor-element elementor-element-c12d54d elementor-widget elementor-widget-heading\" data-id=\"c12d54d\" data-element_type=\"widget\" data-widget_type=\"heading.default\">\n\t\t\t\t<div class=\"elementor-widget-container\">\n\t\t\t\t\t<h2 class=\"elementor-heading-title elementor-size-default\">Tirage au sort - Tombola 2025<\/h2>\t\t\t\t<\/div>\n\t\t\t\t<\/div>\n\t\t\t\t\t<\/div>\n\t\t<\/div>\n\t\t\t\t\t<\/div>\n\t\t<\/section>\n\t\t\t\t<section class=\"elementor-section elementor-top-section elementor-element elementor-element-1d49ea4 elementor-section-boxed elementor-section-height-default elementor-section-height-default\" data-id=\"1d49ea4\" data-element_type=\"section\">\n\t\t\t\t\t\t<div class=\"elementor-container elementor-column-gap-default\">\n\t\t\t\t\t<div class=\"elementor-column elementor-col-100 elementor-top-column elementor-element elementor-element-ade2f0c\" data-id=\"ade2f0c\" data-element_type=\"column\">\n\t\t\t<div class=\"elementor-widget-wrap elementor-element-populated\">\n\t\t\t\t\t\t<div class=\"elementor-element elementor-element-75150f8 elementor-widget elementor-widget-text-editor\" data-id=\"75150f8\" data-element_type=\"widget\" data-widget_type=\"text-editor.default\">\n\t\t\t\t<div class=\"elementor-widget-container\">\n\t\t\t\t\t\t\t\t\t<div>Munissez vous de vos tickets, et v\u00e9rifiez si vous \u00eates en possession d&rsquo;un num\u00e9ro gagnant !<\/div><div>&gt; R\u00e9cup\u00e9rez votre lot au 3 all\u00e9e Champ Coupier \u00e0 Varces :<\/div><div><b>&#8211; Mardi 8 Juillet 2025 de 17h \u00e0 19h<\/b><\/div><div><strong>&#8211; Jeudi 10 Juillet 2025 de 17h \u00e0 19h<\/strong><\/div>\t\t\t\t\t\t\t\t<\/div>\n\t\t\t\t<\/div>\n\t\t\t\t\t<\/div>\n\t\t<\/div>\n\t\t\t\t\t<\/div>\n\t\t<\/section>\n\t\t\t\t<section class=\"elementor-section elementor-top-section elementor-element elementor-element-75bdbc5 elementor-section-boxed elementor-section-height-default elementor-section-height-default\" data-id=\"75bdbc5\" data-element_type=\"section\">\n\t\t\t\t\t\t<div class=\"elementor-container elementor-column-gap-default\">\n\t\t\t\t\t<div class=\"elementor-column elementor-col-100 elementor-top-column elementor-element elementor-element-244cc7a\" data-id=\"244cc7a\" data-element_type=\"column\">\n\t\t\t<div class=\"elementor-widget-wrap elementor-element-populated\">\n\t\t\t\t\t\t<div class=\"elementor-element elementor-element-4353489 elementor-widget elementor-widget-text-editor\" data-id=\"4353489\" data-element_type=\"widget\" data-widget_type=\"text-editor.default\">\n\t\t\t\t<div class=\"elementor-widget-container\">\n\t\t\t\t\t\t\t\t\t<ul><li>Ticket 10 lot n\u00b02 CONSOLE JEU NINTENDO SWITCH 2\u00a0 &#8211; Donateur SOU DES ECOLES<\/li><li>Ticket 133 lot n\u00b0108 1 PIZZA A EMPORTER LE COUP DE C\u0152UR<\/li><li>Ticket 231 lot n\u00b025 BON CADEAU EVA<\/li><li>Ticket 242 lot n\u00b0124 1 PIZZA A EMPORTER LE COUP DE C\u0152UR<\/li><li>Ticket 447 lot n\u00b05 BON CADEAU POUR SESSION 6 A 12 PERS E.REEL<\/li><li>Ticket 488 lot n\u00b043 1 BON D&rsquo;ACHAT LES FROMAGES DE MANON<\/li><li>Ticket 551 lot n\u00b014 1 COUPE BRUSHING ESSENTIEL COIFFURE<\/li><li>Ticket 559 lot n\u00b051 2 PLACES LASER GAME DOCK14<\/li><li>Ticket 598 lot n\u00b0111 1 PIZZA A EMPORTER LE COUP DE C\u0152UR<\/li><li>Ticket 660 lot n\u00b042 1 COUPE ENFANT LE SALON DE MANON<\/li><li>Ticket 708 lot n\u00b096 1 PIZZA A EMPORTER LA CALECHE<\/li><li>Ticket 854 lot n\u00b054 2 ENTREES LASER GAME EVOLUTION<\/li><li>Ticket 858 lot n\u00b022 1 BOUTEILLE DE VIN + 1 PIZZA A EMPORTER CAVAVIN<\/li><li>Ticket 898 lot n\u00b0110 1 PIZZA A EMPORTER LE COUP DE C\u0152UR<\/li><li>Ticket 903 lot n\u00b023 2 ENTREES ENFANTS ZOO D&rsquo;UPIE<\/li><li>Ticket 905 lot n\u00b045 1 BON D&rsquo;ACHAT ONLY THE BRAIN<\/li><li>Ticket 1 071 lot n\u00b076 2 ENTREES PATINOIRE PATINOIRE POLE SUD<\/li><li>Ticket 1 192 lot n\u00b078 2 ENTREES PATINOIRE PATINOIRE POLE SUD<\/li><li>Ticket 1206 lot n\u00b029 BON D&rsquo;ACHAT AU FIL DU DEDALE<\/li><li>Ticket 1 337 Lot n\u00b09 2 FORMULES EL COMEDOR<\/li><li>Ticket 1 437 lot n\u00b087 1 MENU CHICKEN FOOD<\/li><li>Ticket 1 600 lot n\u00b040 1 BON DE REDUCTION CHALLENGE THE ROOM<\/li><li>Ticket 1 714 lot n\u00b031 BON D&rsquo;ACHAT AU FIL DU DEDALE<\/li><li>Ticket 1 752 lot n\u00b044 1 BON D&rsquo;ACHAT ONLY THE BRAIN<\/li><li>Ticket 1 836 Lot n\u00b08 1 BON ACHAT TABLE DES BROS<\/li><li>Ticket 1 935 lot n\u00b050 BON D&rsquo;ACHAT R&rsquo;EVE DE MODE<\/li><li>Ticket 1 936 Lot n\u00b06 1 SOIN DES MAINS INSTITUT MARYLINE<\/li><li>Ticket 2 034 Lot n\u00b034 1 entr\u00e9e achet\u00e9e = 1 entr\u00e9e offerte INDIAN FOREST<\/li><li>Ticket 2 044 lot n\u00b073 1 SESSION 1H JUMP PARK<\/li><li>Ticket 2 106 lot n\u00b0126 1 ENTREE ENFANTS LA MAGIE DES AUTOMATES<\/li><li>Ticket 2 133 lot n\u00b0125 1 PIZZA A EMPORTER LE COUP DE C\u0152UR<\/li><li>Ticket 2 247 lot n\u00b027 JEU PLA TY PUS CSC<\/li><li>Ticket 2 248 lot n\u00b0122 1 PIZZA A EMPORTER LE COUP DE C\u0152UR<\/li><li>Ticket 2 257 lot n\u00b0102 1 PIZZA A EMPORTER LE COUP DE C\u0152UR<\/li><li>Ticket 2 432 lot n\u00b0107 1 PIZZA A EMPORTER LE COUP DE C\u0152UR<\/li><li>Ticket 2 438 lot n\u00b019 SESSION 30&prime; REALITE VIRTUELLE POUR 2 PERS E.REEL<\/li><li>Ticket 2 491 lot n\u00b030 BON D&rsquo;ACHAT AU FIL DU DEDALE<\/li><li>Ticket 2 495 lot n\u00b057 2 ENTREE ENFANTS GROTTE DE CHORANCHE<\/li><li>Ticket 2 564 lot n\u00b049 BON D&rsquo;ACHAT R&rsquo;EVE DE MODE<\/li><li>Ticket 2 567 lot n\u00b048 1 PLACE ESCAPE GAME PUZZLE ANIMATION<\/li><li>Ticket 2 589 lot n\u00b0 47 1 PLACE ESCAPE GAME PUZZLE ANIMATION<\/li><li>Ticket 2 632 lot n\u00b0103 1 PIZZA A EMPORTER LE COUP DE C\u0152UR<\/li><li>Ticket 2 731 lot n\u00b079 2 ENTREES PATINOIRE PATINOIRE POLE SUD<\/li><li>Ticket 2 851 lot n\u00b065 1 REPAS OFFERT POUR 1 ACHETE CREATIVYTHE<\/li><li>Ticket 2 894 lot n\u00b088 1 MENU CHICKEN FOOD<\/li><li>Ticket 2 898 lot n\u00b0119 1 PIZZA A EMPORTER LE COUP DE C\u0152UR<\/li><li>Ticket 2 922 lot n\u00b028 BON D&rsquo;ACHAT AU FIL DU DEDALE<\/li><li>Ticket 2 963 lot n\u00b036 1 entr\u00e9e achet\u00e9e = 1 entr\u00e9e offerte INDIAN FOREST<\/li><li>Ticket 3 012 lot n\u00b0114 1 PIZZA A EMPORTER LE COUP DE C\u0152UR<\/li><li>Ticket 3 025 lot n\u00b059 1 PLACE CINEMA PATHE GAUMONT ECHIROLLES<\/li><li>Ticket 3 057 lot n\u00b077 2 ENTREES PATINOIRE PATINOIRE POLE SUD<\/li><li>Ticket 3 111 lot n\u00b090 1 GRANDE BRIOCHE AU SUCRE LE GOUTER D&rsquo;ALEXANDRE<\/li><li>Ticket 3 149 lot n\u00b0104 1 PIZZA A EMPORTER LE COUP DE C\u0152UR<\/li><li>Ticket 3 293 lot n\u00b081 2 ENTREE ENFANTS GROTTE DE THAIS<\/li><li>Ticket 3 314 lot n\u00b086 1 MENU CHICKEN FOOD<\/li><li>Ticket 3 364 lot n\u00b0100 1 PIZZA A EMPORTER LE COUP DE C\u0152UR<\/li><li>Ticket 3 383 lot n\u00b039 1 BON DE REDUCTION CHALLENGE THE ROOM<\/li><li>Ticket 3 414 lot n\u00b0117 1 PIZZA A EMPORTER LE COUP DE C\u0152UR<\/li><li>Ticket 3 417 lot n\u00b037 1 BON DE REDUCTION CHALLENGE THE ROOM<\/li><li>Ticket 3 422 lot n\u00b089 1 GRANDE BRIOCHE AU SUCRE LE GOUTER D&rsquo;ALEXANDRE<\/li><li>Ticket 3 468 lot n\u00b095 1 MOMENT GOURMAND POUR 2 CREATIVYTHE<\/li><li>Ticket 3 491 lot n\u00b083 1 MENU CHICKEN FOOD<\/li><li>Ticket 3 501 lot n\u00b033 1 BOUTEILLE DE VIN + 1 PIZZA A EMPORTER CAVAVIN<\/li><li>Ticket 3 608 lot n\u00b038 1 BON DE REDUCTION CHALLENGE THE ROOM<\/li><li>Ticket 3 615 lot n\u00b013 1 LOT COSMETIQUES AUDREY MISS COUP<\/li><li>Ticket 3 617 lot n\u00b03 AIR FRYER PHILIPPS DONATEUR SOU DES ECOLES<\/li><li>Ticket 3 621 lot n\u00b0123 1 PIZZA A EMPORTER LE COUP DE C\u0152UR<\/li><li>Ticket 3 630 lot n\u00b069 2 ENTREE ENFANTS JARDIN DES FONTAINES PETRIFIANTES<\/li><li>Ticket 3 637 lot n\u00b094 1 ENTREE ENFANTS LA RECRE DES MOUSSAILLONS<\/li><li>Ticket 3 639 lot n\u00b091 1 ENTREE ARIZONA KIDS<\/li><li>Ticket 3 691 lot n\u00b018 JEU TABLEAU DES MAQUISARDS AU FIL DU DEDALE<\/li><li>Ticket 3 716 lot n\u00b097 1 PIZZA A EMPORTER LE COUP DE C\u0152UR<\/li><li>Ticket 3 884 lot n\u00b060 1 PLACE CINEMA PATHE GAUMONT ECHIROLLES<\/li><li>Ticket 3 908 lot n\u00b046 1 PLACE ESCAPE GAME PUZZLE ANIMATION<\/li><li>Ticket 4 035 lot n\u00b0101 1 PIZZA A EMPORTER LE COUP DE C\u0152UR<\/li><li>Ticket 4 045 lot n\u00b0121 1 PIZZA A EMPORTER LE COUP DE C\u0152UR<\/li><li>Ticket 4 061 lot n\u00b0105 1 PIZZA A EMPORTER LE COUP DE C\u0152UR<\/li><li>Ticket 4 333 lot n\u00b04 MONTRE CONNECTEE DECATHLON DONATEUR SOU DES ECOLES<\/li><li>Ticket 4 336 lot n\u00b032 BON D&rsquo;ACHAT AU FIL DU DEDALE<\/li><li>Ticket 4 400 lot n\u00b021 1 ENTREMETS 6 PERSONNES ATELIER GARLAND<\/li><li>Ticket 4 411 lot n\u00b072 1 SESSION 1H JUMP PARK<\/li><li>Ticket 4 591 lotn\u00b052 2 PLACES LASER GAME DOCK14<\/li><li>Ticket 4 620 lot n\u00b067 1 PLACE GALACTIC QUIZZ PUZZLE ANIMATION<\/li><li>Ticket 4 781 lot n\u00b061 1 PLACE CINEMA PATHE GAUMONT ECHIROLLES<\/li><li>Ticket 4 922 lot n\u00b056 2 ENTREE ENFANTS GROTTE DE CHORANCHE<\/li><li>Ticket 5 073 lot n\u00b0118 1 PIZZA A EMPORTER LE COUP DE C\u0152UR<\/li><li>Ticket 5 075 lot n\u00b0115 1 PIZZA A EMPORTER LE COUP DE C\u0152UR<\/li><li>Ticket 5 151 lot n\u00b080 2 ENTREES PATINOIRE PATINOIRE POLE SUD<\/li><li>Ticket 5 451 lot n\u00b011 2 PLACES QUIZZ BOXING DOCK14<\/li><li>Ticket 5 533 lot n\u00b055 2 ENTREES LASER GAME EVOLUTION<\/li><li>Ticket 5 536 lot n\u00b085 1 MENU CHICKEN FOOD<\/li><li>Ticket 5 540 lot n\u00b0128 1 ENTREE ENFANTS LA MAGIE DES AUTOMATES<\/li><li>Ticket 5 569 lot n\u00b016 BON D&rsquo;ACHAT LE SAKE<\/li><li>Ticket 5 613 lot n\u00b024 1 BON D&rsquo;ACHAT BIOCOOP<\/li><li>Ticket 5 671 lot n\u00b020 2 ENTREES ENFANTS PARC DE COURZIEU<\/li><li>Ticket 5708 lot n\u00b01 BON ACHAT CARREFOUR VOYAGES DONATEUR SOU DES ECOLES<\/li><li>Ticket 5 782 lot n\u00b07 ECOUTEURS BLUETOOTH SPORT DECATHLON DONATEUR SOU DES ECOLES<\/li><li>Ticket 5 785 lot n\u00b0116 1 PIZZA A EMPORTER LE COUP DE C\u0152UR<\/li><li>Ticket 5 934 lot n\u00b0113 1 PIZZA A EMPORTER LE COUP DE C\u0152UR<\/li><li>Ticket 5 935 lot n\u00b082 1 MENU CHICKEN FOOD<\/li><li>Ticket 6 164 lot n\u00b066 2 ENTREES PALAIS IDEAL DU FACTEUR CHEVAL<\/li><li>Ticket 6 263 lot n\u00b074 1 SESSION 1H JUMP PARK<\/li><li>Ticket 6 296 lotn\u00b064 1 BON DE REDUCTION BEAUTE DIVINE<\/li><li>Ticket 6 355 lot n\u00b0106 1 PIZZA A EMPORTER LE COUP DE C\u0152UR<\/li><li>Ticket 6 411 lot n\u00b098 1 PIZZA A EMPORTER LE COUP DE C\u0152UR<\/li><li>Ticket 6 413 lot n\u00b075 1 SESSION 1H JUMP PARK<\/li><li>Ticket 6 430 lot n\u00b084 1 MENU CHICKEN FOOD<\/li><li>Ticket 6 491 lot n\u00b017 FUN BOX PACHAMAMA<\/li><li>Ticket 6 550 lot n\u00b092 1 ENTREE ARIZONA KIDS<\/li><li>Ticket 6 558 lot n\u00b0 62 1 PLACE CINEMA PATHE GAUMONT ECHIROLLES<\/li><li>Ticket 6 714 lot n\u00b071 1 SESSION 1H JUMP PARK<\/li><li>Ticket 6 755 lot n\u00b070 1 SESSION 1H JUMP PARK<\/li><li>Ticket 6 892 lot n\u00b063 1 PLACE CINEMA PATHE GAUMONT ECHIROLLES<\/li><li>Ticket 6 989 lot n\u00b012 2 PLACES QUIZZ BOXING DOCK14<\/li><li>Ticket 7 075 lot n\u00b0112 1 PIZZA A EMPORTER LE COUP DE C\u0152UR<\/li><li>Ticket 7 084 lot n\u00b0127 1 ENTREE ENFANTS LA MAGIE DES AUTOMATES<\/li><li>Ticket 7 201 lot n\u00b099 1 PIZZA A EMPORTER LE COUP DE C\u0152UR<\/li><li>Ticket 7 207 lot n\u00b053 2 ENTREES LASER GAME EVOLUTION<\/li><li>Ticket 7 238 lot n\u00b010 COFFRET GOMMAGE CORPS PHARMACIE DES GENTIANES<\/li><li>Ticket 7 296 lot n\u00b015 BON D&rsquo;ACHAT MAISON CHAMBAZ<\/li><li>Ticket 7 339 lot n\u00b068 1 PLACE GALACTIC QUIZZ PUZZLE ANIMATION<\/li><li>Ticket 7 439 lot n\u00b041 2 PIZZAS A EMPORTER LA RIVIERA<\/li><li>Ticket 7 515 lot n\u00b026 BON CADEAU EVA<\/li><li>Ticket 7 766 lot n\u00b0120 1 PIZZA A EMPORTER LE COUP DE C\u0152UR<\/li><li>Ticket 7 782 lot n\u00b035 1 entr\u00e9e achet\u00e9e = 1 entr\u00e9e offerte INDIAN FOREST<\/li><li>Ticket 7 840 lot n\u00b0109 1 PIZZA A EMPORTER LE COUP DE C\u0152UR<\/li><li>Ticket 7 897 lot n\u00b058 1 PLACE CINEMA PATHE GAUMONT ECHIROLLES<\/li><li>Ticket 10 999 lot n\u00b093 1 ENTREE ARIZONA KIDS<\/li><\/ul>\t\t\t\t\t\t\t\t<\/div>\n\t\t\t\t<\/div>\n\t\t\t\t\t<\/div>\n\t\t<\/div>\n\t\t\t\t\t<\/div>\n\t\t<\/section>\n\t\t\t\t<\/div>\n\t\t","protected":false},"excerpt":{"rendered":"<p>Tirage au sort &#8211; Tombola 2025 Munissez vous de vos tickets, et v\u00e9rifiez si vous \u00eates en possession d&rsquo;un num\u00e9ro gagnant !&gt; R\u00e9cup\u00e9rez votre lot au 3 all\u00e9e Champ Coupier \u00e0 Varces :&#8211; Mardi 8 Juillet 2025 de 17h \u00e0 19h&#8211; Jeudi 10 Juillet 2025 de 17h \u00e0 19h Ticket 10 lot n\u00b02 CONSOLE JEU [&hellip;]<\/p>\n","protected":false},"author":2,"featured_media":0,"parent":0,"menu_order":0,"comment_status":"closed","ping_status":"closed","template":"","meta":{"footnotes":""},"class_list":["post-336","page","type-page","status-publish","hentry"],"_links":{"self":[{"href":"https:\/\/soudesecolesdevarces.fr\/index.php\/wp-json\/wp\/v2\/pages\/336","targetHints":{"allow":["GET"]}}],"collection":[{"href":"https:\/\/soudesecolesdevarces.fr\/index.php\/wp-json\/wp\/v2\/pages"}],"about":[{"href":"https:\/\/soudesecolesdevarces.fr\/index.php\/wp-json\/wp\/v2\/types\/page"}],"author":[{"embeddable":true,"href":"https:\/\/soudesecolesdevarces.fr\/index.php\/wp-json\/wp\/v2\/users\/2"}],"replies":[{"embeddable":true,"href":"https:\/\/soudesecolesdevarces.fr\/index.php\/wp-json\/wp\/v2\/comments?post=336"}],"version-history":[{"count":13,"href":"https:\/\/soudesecolesdevarces.fr\/index.php\/wp-json\/wp\/v2\/pages\/336\/revisions"}],"predecessor-version":[{"id":360,"href":"https:\/\/soudesecolesdevarces.fr\/index.php\/wp-json\/wp\/v2\/pages\/336\/revisions\/360"}],"wp:attachment":[{"href":"https:\/\/soudesecolesdevarces.fr\/index.php\/wp-json\/wp\/v2\/media?parent=336"}],"curies":[{"name":"wp","href":"https:\/\/api.w.org\/{rel}","templated":true}]}}