{"id":369,"date":"2025-11-04T16:46:54","date_gmt":"2025-11-04T15:46:54","guid":{"rendered":"https:\/\/soudesecolesdevarces.fr\/?page_id=369"},"modified":"2025-11-04T21:50:59","modified_gmt":"2025-11-04T20:50:59","slug":"vente-de-noel","status":"publish","type":"page","link":"https:\/\/soudesecolesdevarces.fr\/index.php\/vente-de-noel\/","title":{"rendered":"Vente de No\u00ebl"},"content":{"rendered":"\t\t<div data-elementor-type=\"wp-page\" data-elementor-id=\"369\" class=\"elementor elementor-369\">\n\t\t\t\t\t\t<section class=\"elementor-section elementor-top-section elementor-element elementor-element-9e6cc5e elementor-section-boxed elementor-section-height-default elementor-section-height-default\" data-id=\"9e6cc5e\" data-element_type=\"section\">\n\t\t\t\t\t\t<div class=\"elementor-container elementor-column-gap-default\">\n\t\t\t\t\t<div class=\"elementor-column elementor-col-100 elementor-top-column elementor-element elementor-element-f502777\" data-id=\"f502777\" data-element_type=\"column\">\n\t\t\t<div class=\"elementor-widget-wrap elementor-element-populated\">\n\t\t\t\t\t\t<div class=\"elementor-element elementor-element-9b9bb49 elementor-widget elementor-widget-heading\" data-id=\"9b9bb49\" data-element_type=\"widget\" data-widget_type=\"heading.default\">\n\t\t\t\t<div class=\"elementor-widget-container\">\n\t\t\t\t\t<h2 class=\"elementor-heading-title elementor-size-default\">Vente de No\u00ebl<\/h2>\t\t\t\t<\/div>\n\t\t\t\t<\/div>\n\t\t\t\t\t<\/div>\n\t\t<\/div>\n\t\t\t\t\t<\/div>\n\t\t<\/section>\n\t\t\t\t<section class=\"elementor-section elementor-top-section elementor-element elementor-element-33a6280 elementor-section-boxed elementor-section-height-default elementor-section-height-default\" data-id=\"33a6280\" data-element_type=\"section\">\n\t\t\t\t\t\t<div class=\"elementor-container elementor-column-gap-default\">\n\t\t\t\t\t<div class=\"elementor-column elementor-col-100 elementor-top-column elementor-element elementor-element-5b4cb13\" data-id=\"5b4cb13\" data-element_type=\"column\">\n\t\t\t<div class=\"elementor-widget-wrap elementor-element-populated\">\n\t\t\t\t\t\t<div class=\"elementor-element elementor-element-d33fdb9 elementor-widget elementor-widget-text-editor\" data-id=\"d33fdb9\" data-element_type=\"widget\" data-widget_type=\"text-editor.default\">\n\t\t\t\t<div class=\"elementor-widget-container\">\n\t\t\t\t\t\t\t\t\t<p>Cette ann\u00e9e encore, r\u00e9galez-vous pour les f\u00eates tout en soutenant les enfants des \u00e9coles de Varces !<br data-start=\"285\" data-end=\"288\">Le Sou des \u00c9coles vous propose une belle s\u00e9lection de <strong data-start=\"342\" data-end=\"375\">produits artisanaux et locaux<\/strong> pour vos repas de No\u00ebl en lien avec nos partenaires : La fromagerie Les Alpages, le traiteur Extra Facile, et Api-Coeur.<\/p>\t\t\t\t\t\t\t\t<\/div>\n\t\t\t\t<\/div>\n\t\t\t\t\t<\/div>\n\t\t<\/div>\n\t\t\t\t\t<\/div>\n\t\t<\/section>\n\t\t\t\t<section class=\"elementor-section elementor-top-section elementor-element elementor-element-f5af2e8 elementor-section-boxed elementor-section-height-default elementor-section-height-default\" data-id=\"f5af2e8\" data-element_type=\"section\">\n\t\t\t\t\t\t<div class=\"elementor-container elementor-column-gap-default\">\n\t\t\t\t\t<div class=\"elementor-column elementor-col-100 elementor-top-column elementor-element elementor-element-b3574aa\" data-id=\"b3574aa\" data-element_type=\"column\">\n\t\t\t<div class=\"elementor-widget-wrap elementor-element-populated\">\n\t\t\t\t\t\t<div class=\"elementor-element elementor-element-926ce7a elementor-align-center elementor-widget elementor-widget-button\" data-id=\"926ce7a\" data-element_type=\"widget\" data-widget_type=\"button.default\">\n\t\t\t\t<div class=\"elementor-widget-container\">\n\t\t\t\t\t\t\t\t\t<div class=\"elementor-button-wrapper\">\n\t\t\t\t\t<a class=\"elementor-button elementor-button-link elementor-size-sm\" href=\"https:\/\/www.helloasso.com\/associations\/sou-des-ecoles-laiques-de-varces\/boutiques\/noel-2025\">\n\t\t\t\t\t\t<span class=\"elementor-button-content-wrapper\">\n\t\t\t\t\t\t\t\t\t<span class=\"elementor-button-text\">Je commande en ligne !<\/span>\n\t\t\t\t\t<\/span>\n\t\t\t\t\t<\/a>\n\t\t\t\t<\/div>\n\t\t\t\t\t\t\t\t<\/div>\n\t\t\t\t<\/div>\n\t\t\t\t\t<\/div>\n\t\t<\/div>\n\t\t\t\t\t<\/div>\n\t\t<\/section>\n\t\t\t\t<section class=\"elementor-section elementor-top-section elementor-element elementor-element-351de9d elementor-section-boxed elementor-section-height-default elementor-section-height-default\" data-id=\"351de9d\" data-element_type=\"section\">\n\t\t\t\t\t\t<div class=\"elementor-container elementor-column-gap-default\">\n\t\t\t\t\t<div class=\"elementor-column elementor-col-100 elementor-top-column elementor-element elementor-element-eb02787\" data-id=\"eb02787\" data-element_type=\"column\">\n\t\t\t<div class=\"elementor-widget-wrap elementor-element-populated\">\n\t\t\t\t\t\t<div class=\"elementor-element elementor-element-cdd669e elementor-widget elementor-widget-spacer\" data-id=\"cdd669e\" data-element_type=\"widget\" data-widget_type=\"spacer.default\">\n\t\t\t\t<div class=\"elementor-widget-container\">\n\t\t\t\t\t\t\t<div class=\"elementor-spacer\">\n\t\t\t<div class=\"elementor-spacer-inner\"><\/div>\n\t\t<\/div>\n\t\t\t\t\t\t<\/div>\n\t\t\t\t<\/div>\n\t\t\t\t\t<\/div>\n\t\t<\/div>\n\t\t\t\t\t<\/div>\n\t\t<\/section>\n\t\t\t\t<section class=\"elementor-section elementor-top-section elementor-element elementor-element-775685b elementor-section-boxed elementor-section-height-default elementor-section-height-default\" data-id=\"775685b\" data-element_type=\"section\">\n\t\t\t\t\t\t<div class=\"elementor-container elementor-column-gap-default\">\n\t\t\t\t\t<div class=\"elementor-column elementor-col-100 elementor-top-column elementor-element elementor-element-c81ff39\" data-id=\"c81ff39\" data-element_type=\"column\">\n\t\t\t<div class=\"elementor-widget-wrap elementor-element-populated\">\n\t\t\t\t\t\t<div class=\"elementor-element elementor-element-992f95e elementor-widget elementor-widget-accordion\" data-id=\"992f95e\" data-element_type=\"widget\" data-widget_type=\"accordion.default\">\n\t\t\t\t<div class=\"elementor-widget-container\">\n\t\t\t\t\t\t\t<div class=\"elementor-accordion\">\n\t\t\t\t\t\t\t<div class=\"elementor-accordion-item\">\n\t\t\t\t\t<div id=\"elementor-tab-title-1601\" class=\"elementor-tab-title\" data-tab=\"1\" role=\"button\" aria-controls=\"elementor-tab-content-1601\" aria-expanded=\"false\">\n\t\t\t\t\t\t\t\t\t\t\t\t\t<span class=\"elementor-accordion-icon elementor-accordion-icon-right\" aria-hidden=\"true\">\n\t\t\t\t\t\t\t\t\t\t\t\t\t\t\t<span class=\"elementor-accordion-icon-closed\"><i class=\"fas fa-plus\"><\/i><\/span>\n\t\t\t\t\t\t\t\t<span class=\"elementor-accordion-icon-opened\"><i class=\"fas fa-minus\"><\/i><\/span>\n\t\t\t\t\t\t\t\t\t\t\t\t\t\t<\/span>\n\t\t\t\t\t\t\t\t\t\t\t\t<a class=\"elementor-accordion-title\" tabindex=\"0\">Pav\u00e9 de saumon gravlax (28 \u20ac)<\/a>\n\t\t\t\t\t<\/div>\n\t\t\t\t\t<div id=\"elementor-tab-content-1601\" class=\"elementor-tab-content elementor-clearfix\" data-tab=\"1\" role=\"region\" aria-labelledby=\"elementor-tab-title-1601\"><h3><img fetchpriority=\"high\" decoding=\"async\" class=\"size-medium wp-image-374 aligncenter\" src=\"https:\/\/soudesecolesdevarces.fr\/wp-content\/uploads\/2025\/11\/Pave-saumon-gravlax-300x202.jpg\" alt=\"\" width=\"300\" height=\"202\" srcset=\"https:\/\/soudesecolesdevarces.fr\/wp-content\/uploads\/2025\/11\/Pave-saumon-gravlax-300x202.jpg 300w, https:\/\/soudesecolesdevarces.fr\/wp-content\/uploads\/2025\/11\/Pave-saumon-gravlax.jpg 447w\" sizes=\"(max-width: 300px) 100vw, 300px\" \/><\/h3><p>\u00ab\u00a0Venu tout droit des pays scandinaves, ce met raffin\u00e9 et di\u00e9t\u00e9tique accompagnera vos ap\u00e9ritifs et repas de<br \/>f\u00eates.<br \/>D\u00e9licatement sal\u00e9 et parfum\u00e9 aux zestes d\u2019agrumes, \u00e0 l\u2019aneth et aux baies de Timur \u00ab\u00a0poivre pamplemousse\u00a0\u00bb,<br \/>il ravira vos papilles.\u00a0\u00bb<br \/>Emball\u00e9 sous vide pour une conservation garantie.<\/p><\/div>\n\t\t\t\t<\/div>\n\t\t\t\t\t\t\t<div class=\"elementor-accordion-item\">\n\t\t\t\t\t<div id=\"elementor-tab-title-1602\" class=\"elementor-tab-title\" data-tab=\"2\" role=\"button\" aria-controls=\"elementor-tab-content-1602\" aria-expanded=\"false\">\n\t\t\t\t\t\t\t\t\t\t\t\t\t<span class=\"elementor-accordion-icon elementor-accordion-icon-right\" aria-hidden=\"true\">\n\t\t\t\t\t\t\t\t\t\t\t\t\t\t\t<span class=\"elementor-accordion-icon-closed\"><i class=\"fas fa-plus\"><\/i><\/span>\n\t\t\t\t\t\t\t\t<span class=\"elementor-accordion-icon-opened\"><i class=\"fas fa-minus\"><\/i><\/span>\n\t\t\t\t\t\t\t\t\t\t\t\t\t\t<\/span>\n\t\t\t\t\t\t\t\t\t\t\t\t<a class=\"elementor-accordion-title\" tabindex=\"0\">Ballotin de foie gras (30 \u20ac)<\/a>\n\t\t\t\t\t<\/div>\n\t\t\t\t\t<div id=\"elementor-tab-content-1602\" class=\"elementor-tab-content elementor-clearfix\" data-tab=\"2\" role=\"region\" aria-labelledby=\"elementor-tab-title-1602\"><h3><img decoding=\"async\" class=\"size-full wp-image-375 aligncenter\" src=\"https:\/\/soudesecolesdevarces.fr\/wp-content\/uploads\/2025\/11\/ballotin-fois-gras.jpg\" alt=\"\" width=\"267\" height=\"176\" \/><\/h3><p>\u00ab\u00a0Mes foies gras sont issus de canards m\u00e2les (mulards) d\u2019origine 100 % fran\u00e7aise.<br \/>Tous les \u00e9leveurs sont implant\u00e9s dans le grand Ouest de la France et valorisent un \u00e9levage en plein air.<br \/>Alimentation 100 % v\u00e9g\u00e9tale et issue \u00e0 100 % de la fili\u00e8re sans antibiotique.\u00a0\u00bb<\/p><\/div>\n\t\t\t\t<\/div>\n\t\t\t\t\t\t\t<div class=\"elementor-accordion-item\">\n\t\t\t\t\t<div id=\"elementor-tab-title-1603\" class=\"elementor-tab-title\" data-tab=\"3\" role=\"button\" aria-controls=\"elementor-tab-content-1603\" aria-expanded=\"false\">\n\t\t\t\t\t\t\t\t\t\t\t\t\t<span class=\"elementor-accordion-icon elementor-accordion-icon-right\" aria-hidden=\"true\">\n\t\t\t\t\t\t\t\t\t\t\t\t\t\t\t<span class=\"elementor-accordion-icon-closed\"><i class=\"fas fa-plus\"><\/i><\/span>\n\t\t\t\t\t\t\t\t<span class=\"elementor-accordion-icon-opened\"><i class=\"fas fa-minus\"><\/i><\/span>\n\t\t\t\t\t\t\t\t\t\t\t\t\t\t<\/span>\n\t\t\t\t\t\t\t\t\t\t\t\t<a class=\"elementor-accordion-title\" tabindex=\"0\">Petit plateau de fromages (23 \u20ac)<\/a>\n\t\t\t\t\t<\/div>\n\t\t\t\t\t<div id=\"elementor-tab-content-1603\" class=\"elementor-tab-content elementor-clearfix\" data-tab=\"3\" role=\"region\" aria-labelledby=\"elementor-tab-title-1603\"><p><img decoding=\"async\" class=\"size-medium wp-image-377 aligncenter\" src=\"https:\/\/soudesecolesdevarces.fr\/wp-content\/uploads\/2025\/11\/plateau-fromages-23E-272x300.jpg\" alt=\"\" width=\"272\" height=\"300\" srcset=\"https:\/\/soudesecolesdevarces.fr\/wp-content\/uploads\/2025\/11\/plateau-fromages-23E-272x300.jpg 272w, https:\/\/soudesecolesdevarces.fr\/wp-content\/uploads\/2025\/11\/plateau-fromages-23E.jpg 396w\" sizes=\"(max-width: 272px) 100vw, 272px\" \/><\/p><p><strong>Saint-Marcellin IGP<\/strong> : Moelleux, parfois coulant, le Saint Marcellin affirme ses ar\u00f4mes de noisette.<br \/>C\u2019est un produit embl\u00e9matique de notre r\u00e9gion et tient ses ar\u00f4mes des plaines rhodaniennes qui m\u00e8nent vers<br \/>le soleil et la v\u00e9g\u00e9tation.<br \/><strong>Camembert :<\/strong> Le plus c\u00e9l\u00e8bre de nos fromages, tr\u00e8s souvent r\u00e9put\u00e9 pour \u00eatre LE pr\u00e9f\u00e9r\u00e9 des fran\u00e7ais !<br \/>Il nous offre une p\u00e2te onctueuse, ainsi qu\u2019un bouquet franc de lait et de sous-bois. Il est \u00e9galement<br \/>reconnaissable \u00e0 sa c\u00e9l\u00e8bre boite ronde de bois mince, invent\u00e9e en 1880 pour faciliter son transport.<br \/><strong>D\u00e9lice de Chartreuse :<\/strong> D\u00e9couvrez le D\u00e9lice de Chartreuse, un fromage de vache artisanal issu d\u2019une<br \/>petite laiterie situ\u00e9e \u00e0 Entremont-le-Vieux, au coeur de la magnifique r\u00e9gion de la Chartreuse. Sa texture<br \/>rappelle un c\u00e9l\u00e8bre fromage savoyard avec des ar\u00f4mes plus doux et d\u00e9licat, offrant une exp\u00e9rience cr\u00e9meuse<br \/>et fondante en bouche. Fabriqu\u00e9 gr\u00e2ce \u00e0 un savoir-faire traditionnel, ce fromage incarne l\u2019authenticit\u00e9 et la<br \/>richesse du terroir chartreux.<br \/><strong>Tomme \u00e0 l\u2019ail des ours :<\/strong> Tomme \u00e0 l\u2019Ail des Ours, un mariage subtil entre la tradition fromag\u00e8re et les<br \/>ar\u00f4mes sauvages de l\u2019ail des ours. Savourez ce fromage artisanal, o\u00f9 la douceur de la tomme se marie<br \/>harmonieusement avec la fra\u00eecheur de l\u2019ail des ours. R\u00e9alis\u00e9e avec soin selon des m\u00e9thodes artisanales.<br \/><strong>Rocamadour :<\/strong> Ce petit fromage de ch\u00e8vre rond et plat est une gourmandise cr\u00e9meuse. Il fait partie de<br \/>la famille des \u00ab Cab\u00e9cous \u00bb qui signifie \u00ab petite ch\u00e8vre \u00bb en langue d\u2019Oc. Servi en toast sur une tranche de pain<br \/>l\u00e9g\u00e8rement grill\u00e9, on en fait qu\u2019une bouch\u00e9e ! Il fromage tient son nom du village de Rocamadour, situ\u00e9 au<br \/>centre de l\u2019Appellation AOP.<br \/><strong>S\u00e9chon Fermier :<\/strong> Un petit fromage au lait cru de vache pour les amateurs de fromages secs aux go\u00fbts<br \/>affirm\u00e9s et puissants !<br \/><strong>Bleu de Laqueuille :<\/strong> Tr\u00e8s proche du bleu d\u2019Auvergne, sa p\u00e2te est plus onctueuse et souple, l\u00e9g\u00e8rement<br \/>sal\u00e9e, \u00e0 l\u2019odeur et au go\u00fbt marqu\u00e9 du bleu.<br \/>Il s\u2019agr\u00e9mente tr\u00e8s bien de vins liquoreux.<\/p><\/div>\n\t\t\t\t<\/div>\n\t\t\t\t\t\t\t<div class=\"elementor-accordion-item\">\n\t\t\t\t\t<div id=\"elementor-tab-title-1604\" class=\"elementor-tab-title\" data-tab=\"4\" role=\"button\" aria-controls=\"elementor-tab-content-1604\" aria-expanded=\"false\">\n\t\t\t\t\t\t\t\t\t\t\t\t\t<span class=\"elementor-accordion-icon elementor-accordion-icon-right\" aria-hidden=\"true\">\n\t\t\t\t\t\t\t\t\t\t\t\t\t\t\t<span class=\"elementor-accordion-icon-closed\"><i class=\"fas fa-plus\"><\/i><\/span>\n\t\t\t\t\t\t\t\t<span class=\"elementor-accordion-icon-opened\"><i class=\"fas fa-minus\"><\/i><\/span>\n\t\t\t\t\t\t\t\t\t\t\t\t\t\t<\/span>\n\t\t\t\t\t\t\t\t\t\t\t\t<a class=\"elementor-accordion-title\" tabindex=\"0\">Grand plateau de fromages (42 \u20ac)<\/a>\n\t\t\t\t\t<\/div>\n\t\t\t\t\t<div id=\"elementor-tab-content-1604\" class=\"elementor-tab-content elementor-clearfix\" data-tab=\"4\" role=\"region\" aria-labelledby=\"elementor-tab-title-1604\"><p><img loading=\"lazy\" decoding=\"async\" class=\"size-medium wp-image-376 aligncenter\" src=\"https:\/\/soudesecolesdevarces.fr\/wp-content\/uploads\/2025\/11\/plateau-fromages-42E-300x292.jpg\" alt=\"\" width=\"300\" height=\"292\" srcset=\"https:\/\/soudesecolesdevarces.fr\/wp-content\/uploads\/2025\/11\/plateau-fromages-42E-300x292.jpg 300w, https:\/\/soudesecolesdevarces.fr\/wp-content\/uploads\/2025\/11\/plateau-fromages-42E.jpg 449w\" sizes=\"(max-width: 300px) 100vw, 300px\" \/><\/p><p>Les m\u00eames que ci-dessus (en quantit\u00e9 plus importante) et en plus\u00a0:<br \/><strong>Ch\u00e8vre Cendr\u00e9<\/strong> : moul\u00e9 manuellement, il est ensuite d\u00e9moul\u00e9 puis cendr\u00e9 avec un m\u00e9lange de charbon<br \/>de bois et de sel. Si sa cro\u00fbte est fonc\u00e9e d\u2019apparence, sa p\u00e2te est d\u2019un blanc pur \u00e0 l\u2019int\u00e9rieur.<br \/><strong>Brebis des Pyr\u00e9n\u00e9es :<\/strong> Une pure brebis basque, 100% sud-ouest<br \/><strong>Trou du Cru :<\/strong> A son odeur puissante, on pourrait croire que l\u2019\u00e9poisses offrirait un go\u00fbt tr\u00e8s prononc\u00e9,<br \/>mais ce fromage de caract\u00e8re surprend par la d\u00e9licatesse fruit\u00e9e de sa p\u00e2te molle et onctueuse. Appartenant \u00e0<br \/>la famille des fromages \u00e0 \u00ab p\u00e2te molle \u00e0 cro\u00fbte lav\u00e9e \u00bb, il est frott\u00e9 durant ses 4 semaines d\u2019affinage avec de<br \/>l\u2019eau sal\u00e9e puis du marc de Bourgogne, c\u2019est ainsi qu\u2019il prend sa teinte naturellement cuivr\u00e9e.<\/p><\/div>\n\t\t\t\t<\/div>\n\t\t\t\t\t\t\t<div class=\"elementor-accordion-item\">\n\t\t\t\t\t<div id=\"elementor-tab-title-1605\" class=\"elementor-tab-title\" data-tab=\"5\" role=\"button\" aria-controls=\"elementor-tab-content-1605\" aria-expanded=\"false\">\n\t\t\t\t\t\t\t\t\t\t\t\t\t<span class=\"elementor-accordion-icon elementor-accordion-icon-right\" aria-hidden=\"true\">\n\t\t\t\t\t\t\t\t\t\t\t\t\t\t\t<span class=\"elementor-accordion-icon-closed\"><i class=\"fas fa-plus\"><\/i><\/span>\n\t\t\t\t\t\t\t\t<span class=\"elementor-accordion-icon-opened\"><i class=\"fas fa-minus\"><\/i><\/span>\n\t\t\t\t\t\t\t\t\t\t\t\t\t\t<\/span>\n\t\t\t\t\t\t\t\t\t\t\t\t<a class=\"elementor-accordion-title\" tabindex=\"0\">Ballotin de chocolats fourr\u00e9s au miel (24 \u20ac)<\/a>\n\t\t\t\t\t<\/div>\n\t\t\t\t\t<div id=\"elementor-tab-content-1605\" class=\"elementor-tab-content elementor-clearfix\" data-tab=\"5\" role=\"region\" aria-labelledby=\"elementor-tab-title-1605\"><h3><img loading=\"lazy\" decoding=\"async\" class=\"size-medium wp-image-373 aligncenter\" src=\"https:\/\/soudesecolesdevarces.fr\/wp-content\/uploads\/2025\/11\/ballotin-chocolats-fourres-au-miel-300x254.jpg\" alt=\"\" width=\"300\" height=\"254\" srcset=\"https:\/\/soudesecolesdevarces.fr\/wp-content\/uploads\/2025\/11\/ballotin-chocolats-fourres-au-miel-300x254.jpg 300w, https:\/\/soudesecolesdevarces.fr\/wp-content\/uploads\/2025\/11\/ballotin-chocolats-fourres-au-miel.jpg 533w\" sizes=\"(max-width: 300px) 100vw, 300px\" \/><\/h3><p>Ballotin de 16 chocolats noirs (65%) fourr\u00e9s au miel de fleurs, \u00e9labor\u00e9 localement avec le miel de Saint-<br \/>Georges de Commiers, dans un coffret aux couleurs\u00a0des\u00a0festivit\u00e9s.<\/p><\/div>\n\t\t\t\t<\/div>\n\t\t\t\t\t\t\t<div class=\"elementor-accordion-item\">\n\t\t\t\t\t<div id=\"elementor-tab-title-1606\" class=\"elementor-tab-title\" data-tab=\"6\" role=\"button\" aria-controls=\"elementor-tab-content-1606\" aria-expanded=\"false\">\n\t\t\t\t\t\t\t\t\t\t\t\t\t<span class=\"elementor-accordion-icon elementor-accordion-icon-right\" aria-hidden=\"true\">\n\t\t\t\t\t\t\t\t\t\t\t\t\t\t\t<span class=\"elementor-accordion-icon-closed\"><i class=\"fas fa-plus\"><\/i><\/span>\n\t\t\t\t\t\t\t\t<span class=\"elementor-accordion-icon-opened\"><i class=\"fas fa-minus\"><\/i><\/span>\n\t\t\t\t\t\t\t\t\t\t\t\t\t\t<\/span>\n\t\t\t\t\t\t\t\t\t\t\t\t<a class=\"elementor-accordion-title\" tabindex=\"0\">Pot de miel et bonbons au miel (15 \u20ac)<\/a>\n\t\t\t\t\t<\/div>\n\t\t\t\t\t<div id=\"elementor-tab-content-1606\" class=\"elementor-tab-content elementor-clearfix\" data-tab=\"6\" role=\"region\" aria-labelledby=\"elementor-tab-title-1606\"><h2><img loading=\"lazy\" decoding=\"async\" class=\"size-medium wp-image-372 aligncenter\" src=\"https:\/\/soudesecolesdevarces.fr\/wp-content\/uploads\/2025\/11\/pot-de-miel-et-bonbons-224x300.jpg\" alt=\"\" width=\"224\" height=\"300\" srcset=\"https:\/\/soudesecolesdevarces.fr\/wp-content\/uploads\/2025\/11\/pot-de-miel-et-bonbons-224x300.jpg 224w, https:\/\/soudesecolesdevarces.fr\/wp-content\/uploads\/2025\/11\/pot-de-miel-et-bonbons.jpg 307w\" sizes=\"(max-width: 224px) 100vw, 224px\" \/><\/h2><p>Pot de 125 g de miel de fleurs r\u00e9colt\u00e9 \u00e0 Saint Georges de Commiers accompagn\u00e9 de bonbons durs au miel,<br \/>dans un emballage festif pour un No\u00ebl tout en douceur.<\/p><\/div>\n\t\t\t\t<\/div>\n\t\t\t\t\t\t\t\t<\/div>\n\t\t\t\t\t\t<\/div>\n\t\t\t\t<\/div>\n\t\t\t\t\t<\/div>\n\t\t<\/div>\n\t\t\t\t\t<\/div>\n\t\t<\/section>\n\t\t\t\t<section class=\"elementor-section elementor-top-section elementor-element elementor-element-e398521 elementor-section-boxed elementor-section-height-default elementor-section-height-default\" data-id=\"e398521\" data-element_type=\"section\">\n\t\t\t\t\t\t<div class=\"elementor-container elementor-column-gap-default\">\n\t\t\t\t\t<div class=\"elementor-column elementor-col-100 elementor-top-column elementor-element elementor-element-dad7e5e\" data-id=\"dad7e5e\" data-element_type=\"column\">\n\t\t\t<div class=\"elementor-widget-wrap elementor-element-populated\">\n\t\t\t\t\t\t<div class=\"elementor-element elementor-element-a450fe8 elementor-widget elementor-widget-text-editor\" data-id=\"a450fe8\" data-element_type=\"widget\" data-widget_type=\"text-editor.default\">\n\t\t\t\t<div class=\"elementor-widget-container\">\n\t\t\t\t\t\t\t\t\t<h3 data-start=\"500\" data-end=\"528\">Comment<strong data-start=\"503\" data-end=\"526\"> commander ?<\/strong><\/h3><ul><li data-start=\"691\" data-end=\"764\"><strong>Commander et payer en ligne <\/strong>par carte bancaire via le site de Hello Asso !<\/li><\/ul>\t\t\t\t\t\t\t\t<\/div>\n\t\t\t\t<\/div>\n\t\t\t\t\t<\/div>\n\t\t<\/div>\n\t\t\t\t\t<\/div>\n\t\t<\/section>\n\t\t\t\t<section class=\"elementor-section elementor-top-section elementor-element elementor-element-11dc09f elementor-section-boxed elementor-section-height-default elementor-section-height-default\" data-id=\"11dc09f\" data-element_type=\"section\">\n\t\t\t\t\t\t<div class=\"elementor-container elementor-column-gap-default\">\n\t\t\t\t\t<div class=\"elementor-column elementor-col-100 elementor-top-column elementor-element elementor-element-302df48\" data-id=\"302df48\" data-element_type=\"column\">\n\t\t\t<div class=\"elementor-widget-wrap elementor-element-populated\">\n\t\t\t\t\t\t<div class=\"elementor-element elementor-element-099f8f6 elementor-align-center elementor-widget elementor-widget-button\" data-id=\"099f8f6\" data-element_type=\"widget\" data-widget_type=\"button.default\">\n\t\t\t\t<div class=\"elementor-widget-container\">\n\t\t\t\t\t\t\t\t\t<div class=\"elementor-button-wrapper\">\n\t\t\t\t\t<a class=\"elementor-button elementor-button-link elementor-size-sm\" href=\"https:\/\/www.helloasso.com\/associations\/sou-des-ecoles-laiques-de-varces\/boutiques\/noel-2025\">\n\t\t\t\t\t\t<span class=\"elementor-button-content-wrapper\">\n\t\t\t\t\t\t\t\t\t<span class=\"elementor-button-text\">Je commande en ligne !<\/span>\n\t\t\t\t\t<\/span>\n\t\t\t\t\t<\/a>\n\t\t\t\t<\/div>\n\t\t\t\t\t\t\t\t<\/div>\n\t\t\t\t<\/div>\n\t\t\t\t\t<\/div>\n\t\t<\/div>\n\t\t\t\t\t<\/div>\n\t\t<\/section>\n\t\t\t\t<section class=\"elementor-section elementor-top-section elementor-element elementor-element-8e85037 elementor-section-boxed elementor-section-height-default elementor-section-height-default\" data-id=\"8e85037\" data-element_type=\"section\">\n\t\t\t\t\t\t<div class=\"elementor-container elementor-column-gap-default\">\n\t\t\t\t\t<div class=\"elementor-column elementor-col-100 elementor-top-column elementor-element elementor-element-0298673\" data-id=\"0298673\" data-element_type=\"column\">\n\t\t\t<div class=\"elementor-widget-wrap elementor-element-populated\">\n\t\t\t\t\t\t<div class=\"elementor-element elementor-element-54638d5 elementor-widget elementor-widget-text-editor\" data-id=\"54638d5\" data-element_type=\"widget\" data-widget_type=\"text-editor.default\">\n\t\t\t\t<div class=\"elementor-widget-container\">\n\t\t\t\t\t\t\t\t\t<ul><li data-start=\"529\" data-end=\"764\"><p data-start=\"531\" data-end=\"651\">ou bien remplissez le <strong data-start=\"545\" data-end=\"564\">bon de commande papier,<\/strong>\u00a0transmis par les classes de vos enfants et retournez-le avec votre r\u00e8glement <strong data-start=\"613\" data-end=\"637\">avant le 28 novembre<\/strong>,<br data-start=\"638\" data-end=\"641\" \/>soit :<\/p><ul><li data-start=\"529\" data-end=\"764\"><p data-start=\"531\" data-end=\"651\">directement aux enseignants,<\/p><\/li><li data-start=\"529\" data-end=\"764\"><p data-start=\"531\" data-end=\"651\">dans une <strong data-start=\"700\" data-end=\"728\">bo\u00eete aux lettres du Sou<\/strong> (devant les \u00e9coles ou \u00e0 l\u2019Oriel).<\/p><\/li><\/ul><\/li><\/ul><div>\u00a0<\/div><div><span style=\"text-decoration: underline;\"><strong>Date limite de commande : Dimanche 30 Novembre en ligne (28 Novembre via le bon de commande papier)<\/strong><\/span><\/div><div>\u00a0<\/div><p data-start=\"856\" data-end=\"960\">Merci pour votre participation et votre soutien, chaque commande contribue aux projets des enfants.<\/p>\t\t\t\t\t\t\t\t<\/div>\n\t\t\t\t<\/div>\n\t\t\t\t\t<\/div>\n\t\t<\/div>\n\t\t\t\t\t<\/div>\n\t\t<\/section>\n\t\t\t\t<section class=\"elementor-section elementor-top-section elementor-element elementor-element-b1e8f21 elementor-section-boxed elementor-section-height-default elementor-section-height-default\" data-id=\"b1e8f21\" data-element_type=\"section\">\n\t\t\t\t\t\t<div class=\"elementor-container elementor-column-gap-default\">\n\t\t\t\t\t<div class=\"elementor-column elementor-col-100 elementor-top-column elementor-element elementor-element-50ab18d\" data-id=\"50ab18d\" data-element_type=\"column\">\n\t\t\t<div class=\"elementor-widget-wrap elementor-element-populated\">\n\t\t\t\t\t\t<div class=\"elementor-element elementor-element-ed2ae01 elementor-widget elementor-widget-text-editor\" data-id=\"ed2ae01\" data-element_type=\"widget\" data-widget_type=\"text-editor.default\">\n\t\t\t\t<div class=\"elementor-widget-container\">\n\t\t\t\t\t\t\t\t\t<h3 data-start=\"500\" data-end=\"528\">Comment<strong data-start=\"503\" data-end=\"526\"> r\u00e9cup\u00e9rer ma commande ?\u00a0<\/strong><\/h3><div>Les commandes seront \u00e0 r\u00e9cup\u00e9rer <strong>jeudi 18 d\u00e9cembre de 16h30 \u00e0 18h30<\/strong>, \u00e0 l&rsquo;\u00e9cole de votre enfant :\u00a0<\/div><ul><li>\u00e9cole Mallerin : devant l&rsquo;Arc en Ciel<\/li><li>\u00e9cole Poussous : Devant l&rsquo;entr\u00e9e principale<\/li><\/ul>\t\t\t\t\t\t\t\t<\/div>\n\t\t\t\t<\/div>\n\t\t\t\t\t<\/div>\n\t\t<\/div>\n\t\t\t\t\t<\/div>\n\t\t<\/section>\n\t\t\t\t<\/div>\n\t\t","protected":false},"excerpt":{"rendered":"<p>Vente de No\u00ebl Cette ann\u00e9e encore, r\u00e9galez-vous pour les f\u00eates tout en soutenant les enfants des \u00e9coles de Varces !Le Sou des \u00c9coles vous propose une belle s\u00e9lection de produits artisanaux et locaux pour vos repas de No\u00ebl en lien avec nos partenaires : La fromagerie Les Alpages, le traiteur Extra Facile, et Api-Coeur. Je [&hellip;]<\/p>\n","protected":false},"author":2,"featured_media":0,"parent":0,"menu_order":0,"comment_status":"closed","ping_status":"closed","template":"","meta":{"footnotes":""},"class_list":["post-369","page","type-page","status-publish","hentry"],"_links":{"self":[{"href":"https:\/\/soudesecolesdevarces.fr\/index.php\/wp-json\/wp\/v2\/pages\/369","targetHints":{"allow":["GET"]}}],"collection":[{"href":"https:\/\/soudesecolesdevarces.fr\/index.php\/wp-json\/wp\/v2\/pages"}],"about":[{"href":"https:\/\/soudesecolesdevarces.fr\/index.php\/wp-json\/wp\/v2\/types\/page"}],"author":[{"embeddable":true,"href":"https:\/\/soudesecolesdevarces.fr\/index.php\/wp-json\/wp\/v2\/users\/2"}],"replies":[{"embeddable":true,"href":"https:\/\/soudesecolesdevarces.fr\/index.php\/wp-json\/wp\/v2\/comments?post=369"}],"version-history":[{"count":35,"href":"https:\/\/soudesecolesdevarces.fr\/index.php\/wp-json\/wp\/v2\/pages\/369\/revisions"}],"predecessor-version":[{"id":420,"href":"https:\/\/soudesecolesdevarces.fr\/index.php\/wp-json\/wp\/v2\/pages\/369\/revisions\/420"}],"wp:attachment":[{"href":"https:\/\/soudesecolesdevarces.fr\/index.php\/wp-json\/wp\/v2\/media?parent=369"}],"curies":[{"name":"wp","href":"https:\/\/api.w.org\/{rel}","templated":true}]}}